100143242
Convert -127246 (base 9) to base 13.
-2935b
What is -12b2507 (base 12) in base 13?
-a01497
What is -b0b1a (base 12) in base 4?
-320011012
Convert -238324 (base 10) to base 11.
-153069
-1f726 (base 16) to base 13
-46822
Convert 26627400 (base 8) to base 6.
332025440
Convert 16501160 (base 8) to base 3.
21012210220210
Convert 54080 (base 10) to base 3.
2202011222
Convert -154666533 (base 7) to base 6.
-1012231223
-68b263 (base 12) to base 15
-2323d6
Convert 130237 (base 8) to base 13.
17771
Convert 64a000 (base 11) to base 15.
157920
Convert -2201431433 (base 5) to base 6.
-245041223
What is 201303030 (base 4) in base 16?
21ccc
Convert -b2642a (base 14) to base 11.
-34355a2
1763656 (base 9) to base 7
11250120
-10113322303 (base 4) to base 10
-1146547
Convert 98935 (base 12) to base 9.
336715
-222201353 (base 6) to base 9
-7518736
Convert -d0b125 (base 14) to base 15.
-93a96a
What is -10314210 (base 6) in base 8?
-1124536
What is -103017 (base 10) in base 13?
-37b75
What is -415973 (base 11) in base 13?
-1a45a3
Convert -233019 (base 13) to base 16.
-cbd42
Convert -4045547 (base 9) to base 7.
-24220003
-3066264 (base 7) to base 16
-5a393
What is 377508 (base 13) in base 5?
320030123
-20145 (base 11) to base 13
-10537
What is 10011122222202 (base 3) in base 4?
12123222122
557551 (base 8) to base 13
678cc
1033232102 (base 4) to base 2
1001111101110010010
Convert -60050611 (base 7) to base 10.
-4953565
1332111310 (base 4) to base 7
4253503
20321133 (base 4) to base 6
440423
Convert -1203165 (base 8) to base 7.
-2541104
Convert -2a7a43 (base 12) to base 14.
-149c55
Convert 16eb5 (base 16) to base 5.
11001002
What is -46344305 (base 7) in base 5?
-2014432430
1555417 (base 11) to base 4
22020232122
3288d1 (base 14) to base 8
6423527
Convert -154253232 (base 6) to base 7.
-36645011
Convert 332221003121 (base 4) to base 10.
16421081
-313030112 (base 4) to base 12
-aa9b2
Convert -256d4d (base 15) to base 5.
-424420443
-52810 (base 16) to base 5
-41303221
What is 202010202101 (base 3) in base 16?
60c6d
55a9a (base 16) to base 10
350874
-773450 (base 8) to base 9
-435435
-11133333103 (base 4) to base 7
-15153226
Convert -ed102 (base 15) to base 4.
-2313303110
What is -10187a2 (base 11) in base 12?
-728495
-111201121021 (base 3) to base 15
-550b4
What is -132240412 (base 5) in base 12?
-280a97
Convert 3120073 (base 10) to base 8.
13715711
Convert -3a6ba0a (base 12) to base 4.
-230031313222
What is -6493a9 (base 12) in base 3?
-2222212212210
4110102 (base 6) to base 11
124070
What is -4b0ac (base 16) in base 13?
-a9ba0
What is 172653a (base 11) in base 14?
5663bc
-110223223 (base 4) to base 6
-1452111
Convert 20025313 (base 6) to base 15.
b2026
Convert 22057464 (base 9) to base 6.
1020344434
1336661 (base 8) to base 6
12021505
What is -2304204022 (base 5) in base 3?
-100200111212222
-455340 (base 13) to base 5
-404431041
12010010202 (base 3) to base 5
11210303
-110210222 (base 5) to base 8
-1641047
What is -94a9a (base 16) in base 4?
-2110222122
Convert -100010110000011000011 (base 2) to base 7.
-12452234
What is -106bb31 (base 13) in base 15?
-6939e6
10102120201012 (base 3) to base 10
1822289
-201032 (base 7) to base 5
-2041410
What is 44300124 (base 5) in base 16?
5dd9e
3077533 (base 8) to base 9
1477448
What is -232324000 (base 6) in base 15?
-5a4b26
Convert -33782b (base 14) to base 12.
-704567
Convert -5b1cb (base 13) to base 12.
-809a4
Convert 202020222221 (base 3) to base 14.
a546d
What is -1212610 (base 7) in base 4?
-211300123
Convert fdee2 (base 16) to base 8.
3757342
Convert 146033 (base 10) to base 4.
203221301
Convert 23fb1 (base 16) to base 11.
a07aa
Convert 731123 (base 9) to base 7.
3454614
14050 (base 10) to base 5
422200
40414 (base 12) to base 11
57842
Convert 973bb7 (base 12) to base 9.
4444524
What is -33155 (base 16) in base 15?
-41ee2
Convert 2bb76c (base 14) to base 6.
52442432
What is -12201202202 (base 3) in base 13?
-3c47c
12111102200000 (base 3) to base 7
33555516
-221121221 (base 3) to base 14
-6b46
Convert 156268 (base 11) to base 15.
4bd08
Convert 219b8c (base 13) to base 5.
200333040
1056b3 (base 12) to base 9
433500
Convert 11111011110111001 (base 2) to base 9.
215801
What is 770210 (base 10) in base 2?
10111100000010100010
What is 3b1b06 (base 13) in base 10?
1432112
Convert -18008 (base 13) to base 4.
-23101001
-37307 (base 10) to base 5
-2143212
10106135 (base 9) to base 6
251513305
12221211002 (base 3) to base 12
57a18
7337a (base 12) to base 6
3122234
-656d72 (base 15) to base 10
-4832657
356981 (base 11) to base 15
b2867
21101022121 (base 3) to base 9
241277
-1000110011110110101110 (base 2) to base 10
-2309550
Convert 10a676 (base 15) to base 12.
3239b6
What is 135402011 (base 6) in base 3?
12020110021021
What is 1267934 (base 11) in base 5?
1030120302
What is -8940b (base 12) in base 8?
-543413
-2469b4 (base 13) to base 11
-5459a7
What is -3012110203 (base 4) in base 3?
-1112021022001
What is -113221013120 (base 4) in base 12?
-20aa788
114c29 (base 15) to base 16
c9b7f
What is 11010111011101110 (base 2) in base 14?
2c2bc
Convert 1547135 (base 8) to base 9.
748765
Convert 4435514 (base 6) to base 7.
1615546
What is 51019c (base 13) in base 12?
76b064
-25a326 (base 11) to base 14
-a90ac
What is 5142413 (base 9) in base 8?
12357744
1152252 (base 13) to base 4
110121012222
Convert 50a787 (base 15) to base 7.
44400652
-471828 (base 9) to base 5
-33033101
-359548 (base 11) to base 13
-16bcaa
37493 (base 12) to base 7
431430
What is -8a13d (base 14) in base 16?
-51cab
Convert 662446 (base 8) to base 4.
312110212
What is -2615364 (base 7) in base 12?
-145029
1122201101201 (base 3) to base 11
551335
-330123133 (base 4) to base 8
-743337
Convert -2557336 (base 8) to base 6.
-23134114
Convert -105440503 (base 6) to base 9.
-3601023
Convert 7337630 (base 9) to base 15.
527373
12aa93 (base 13) to base 7
3562232
What is 182770 (base 14) in base 8?
3200216
Convert -334810 (base 10) to base 5.
-41203220
22b0cb (base 13) to base 10
824042
Convert -1038126 (base 9) to base 8.
-2100005
21027844 (base 9) to base 3
201000221221111
What is 97913 (base 11) in base 10?
142189
-314023111 (base 6) to base 8
-25007123
8228ae (base 15) to base 5
3040404324
Convert -32cc7 (base 15) to base 9.
-265487
What is 41144532 (base 6) in base 3?
2012222020102
-333304 (base 6) to base 12
-14234
3330a (base 14) to base 7
1024513
What is 111110011100001111 (base 2) in base 6?
5252023
2022212100112 (base 3) to base 6
42304322
Convert 502230034 (base 6) to base 5.
4134321404
What is -1222234 (base 10) in base 14?
-23b5c6
What is -4479556 (base 12) in base 9?
-26576763
Convert -100010001001011100011 (base 2) to base 14.
-211acb
What is 102030311 (base 4) in base 10?
74549
What is 46512164 (base 7) in base 6?
223334335
What is -121614 (base 8) in base 2?
-1010001110001100
Convert 61606 (base 7) to base 12.
8861
Convert 11329 (base 10) to base 7.
45013
What is 111221101101 (base 3) in base 8?
1027720
Convert 79a06 (base 11) to base 13.
40868
Convert 1032303123 (base 4) to base 6.
10530203
What is -3716774 (base 8) in base 15?
-1533c4
Convert 130221231033 (base 4) to base 10.
7510863
Convert -331323200 (base 4) to base 5.
-31104124
-3c1056 (base 13) to base 16
-1642bf
What is 491174 (base 14) in base 9?
4630418
Convert -20033331000 (base 4) to base 10.
-2162496
Convert 3302034 (base 6) to base 10.
163750
-1432142014 (base 5) to base 15
-4ec1a9
What is -66604142 (base 8) in base 2?
-110110110000100001100010
Convert 11568471 (base 9) to base 5.
2421431431
-1660164 (base 8) to base 7
-4052313
-1967a (base 14) to base 9
-107301
What is 651a6 (base 15) in base 5?
40233011
-100001100101010100010 (base 2) to base 15
-16b0d5
Convert 30220230122 (base 4) to base 2.
1100101000101100011010
Convert 3a921 (base 12) to base 8.
235651
What is -1556312 (base 8) in base 14?
-b9c82
Convert 12021202101 (base 3) to base 11.
71208
What is -1011110111101110011 (base 2) in base 8?
-1367563
-305a0e (base 15) to base 7
-25345364
1230414303 (base 5) to base 16
2d8235
What is -250ba (base 16) in base 12?
-7398a
Convert b89939 (base 15) to base 13.
1a8a235
What is 450606 (base 8) in base 13?
5420b
What is 16ebc (base 16) in base 8?
267274
Convert 448568 (base 9) to base 5.
320444